 to base 8
121165
-30533 (base 10) to base 13
-10b89
Convert 2523 (base 9) to base 10.
1884
Convert -27b (base 13) to base 3.
-121022
Convert -828 (base 10) to base 11.
-693
Convert b1aa (base 15) to base 14.
d954
Convert 1325 (base 6) to base 16.
155
117 (base 10) to base 14
85
Convert -14355 (base 7) to base 10.
-3960
-105 (base 7) to base 8
-66
Convert -4db0 (base 15) to base 2.
-100000011001110
What is -103010 (base 4) in base 11?
-a0a
Convert 10310 (base 8) to base 9.
5803
What is 5597 (base 13) in base 11?
8a88
2d9 (base 14) to base 2
1001000111
What is -951 (base 12) in base 15?
-607
Convert -11aa (base 11) to base 2.
-11000100100
Convert -2464 (base 12) to base 11.
-30a5
Convert -1101012120 (base 3) to base 16.
-69f3
Convert 233301 (base 4) to base 16.
bf1
What is 125 (base 9) in base 14?
76
118a (base 13) to base 2
100110110000
What is -1203 (base 5) in base 4?
-2302
What is -18b (base 15) in base 13?
-215
Convert -1311 (base 8) to base 6.
-3145
What is 9c46 (base 16) in base 6?
505114
What is 10122020 (base 3) in base 16?
a5c
Convert 2706 (base 8) to base 12.
a32
-210020 (base 3) to base 2
-1000111101
-16351 (base 7) to base 6
-33254
What is 925 (base 12) in base 2?
10100101101
What is -313205 (base 6) in base 7?
-133622
6a1c (base 16) to base 14
9c84
What is -33440 (base 6) in base 16?
-1260
What is 46262 (base 9) in base 15?
920b
Convert -2133333 (base 4) to base 15.
-3079
Convert -1185 (base 10) to base 11.
-988
202232 (base 4) to base 3
10001022
What is -1011011100000 (base 2) in base 13?
-2886
What is -876 (base 9) in base 14?
-393
-47 (base 12) to base 4
-313
Convert 14d54 (base 16) to base 9.
140043
Convert -23443 (base 6) to base 8.
-6523
52d2 (base 15) to base 4
10101302
Convert -2321 (base 13) to base 15.
-16d8
Convert 2041 (base 7) to base 16.
2cb
Convert 256 (base 16) to base 6.
2434
What is -18056 (base 15) in base 13?
-294a5
10222222 (base 3) to base 2
101101100011
What is -21222033 (base 4) in base 8?
-115217
What is 11434 (base 8) in base 14?
1ad6
-121a0 (base 12) to base 4
-11332020
What is -14866 (base 12) in base 4?
-13003032
-26065 (base 10) to base 11
-18646
100313 (base 4) to base 10
1079
Convert 227 (base 10) to base 8.
343
What is -79b0 (base 13) in base 4?
-10022103
Convert -150114 (base 6) to base 4.
-3133132
What is 116354 (base 8) in base 12?
1b2b8
Convert 1bab (base 12) to base 2.
110101110011
What is 210113 (base 4) in base 2?
100100010111
Convert 12214 (base 6) to base 4.
130102
Convert c16 (base 14) to base 10.
2372
Convert 44c (base 14) to base 13.
507
What is -1002 (base 10) in base 4?
-33222
1108 (base 10) to base 14
592
-15154 (base 12) to base 2
-111001110010000
Convert -4432 (base 9) to base 10.
-3269
-260 (base 7) to base 6
-352
What is -21642 (base 7) in base 14?
-1dc9
-210020 (base 4) to base 10
-2312
What is 28b (base 16) in base 15?
2d6
-1323 (base 10) to base 13
-7aa
Convert 15c (base 14) to base 7.
545
What is 10001222020 (base 3) in base 14?
18086
19d4 (base 15) to base 5
134344
4074 (base 12) to base 10
7000
Convert -23114 (base 7) to base 5.
-142031
Convert 12260 (base 9) to base 12.
4923
Convert 30428 (base 12) to base 4.
33111200
What is 1754 (base 13) in base 14?
1385
7740 (base 10) to base 13
36a5
What is 110 (base 8) in base 16?
48
What is 3549 (base 12) in base 8?
13511
-75ac (base 15) to base 3
-1021011200
Convert -67318 (base 9) to base 2.
-1010111010111001
Convert -21010022 (base 3) to base 13.
-2495
Convert 284c (base 13) to base 3.
21222012
-217 (base 12) to base 7
-616
-235 (base 11) to base 13
-187
What is -4340330 (base 5) in base 4?
-102023201
-4643 (base 7) to base 11
-1303
What is 1ac (base 15) in base 16?
183
Convert -110100011 (base 2) to base 8.
-643
-67 (base 15) to base 12
-81
-600 (base 16) to base 13
-912
Convert 32ab (base 13) to base 14.
2810
667d (base 14) to base 5
1032001
What is -3ab22 (base 12) in base 14?
-217aa
What is 33a03 (base 12) in base 4?
100303203
18b (base 12) to base 11
209
Convert -169a (base 13) to base 14.
-1306
What is 530e (base 15) in base 12?
a1b8
6ea6 (base 15) to base 11
16775
What is cc (base 14) in base 2?
10110100
-44c (base 13) to base 9
-1012
c97 (base 13) to base 12
12b4
Convert -15662 (base 9) to base 7.
-43223
-1011101101110 (base 2) to base 16
-176e
Convert -5133 (base 7) to base 3.
-2110020
Convert 3066 (base 7) to base 13.
64b
Convert -763 (base 15) to base 5.
-23133
59 (base 16) to base 2
1011001
Convert 1887 (base 13) to base 2.
111001001100
-100002101 (base 3) to base 5
-203000
Convert -35604 (base 8) to base 10.
-15236
Convert 632a (base 13) to base 8.
32635
What is 34cb (base 15) in base 14?
4132
What is -b92a (base 12) in base 4?
-10331302
What is 303 (base 8) in base 5?
1240
What is 6031 (base 7) in base 12?
1254
Convert 212120 (base 3) to base 4.
21330
Convert 111100110100 (base 2) to base 14.
15c0
Convert 3859 (base 10) to base 14.
1599
What is 261 (base 9) in base 14?
117
What is -1225 (base 8) in base 9?
-814
Convert 445 (base 12) to base 13.
395
What is -554 (base 6) in base 3?
-21221
Convert 582 (base 10) to base 8.
1106
-24392 (base 10) to base 5
-1240032
Convert 3420 (base 15) to base 6.
123103
1cb (base 13) to base 16
150
Convert -1100111111 (base 2) to base 12.
-593
1891 (base 10) to base 7
5341
What is 2131200 (base 4) in base 14?
3960
-12 (base 16) to base 10
-18
Convert 7578 (base 14) to base 2.
100111101000110
Convert -2142 (base 9) to base 3.
-2011102
Convert 1202120 (base 3) to base 4.
110010
What is 45b (base 15) in base 10?
986
-462 (base 16) to base 6
-5110
Convert -2010121121 (base 3) to base 2.
-1010010000010001
What is 13085 (base 9) in base 13?
402b
Convert 1100001 (base 4) to base 14.
1c1b
Convert -15153 (base 8) to base 12.
-3ab7
Convert 41c9 (base 13) to base 6.
110122
Convert 11103 (base 10) to base 8.
25537
-d72 (base 16) to base 5
-102232
Convert 201222001 (base 3) to base 8.
34332
10365 (base 8) to base 16
10f5
9a2 (base 13) to base 4
121311
-122200000 (base 3) to base 9
-18600
Convert 637 (base 15) to base 7.
4042
Convert -3461 (base 8) to base 3.
-2112012
What is -122022 (base 3) in base 9?
-568
77221 (base 9) to base 12
25777
12970 (base 10) to base 16
32aa
1110 (base 5) to base 13
bc
-2400 (base 11) to base 15
-deb
-200100 (base 3) to base 12
-353
Convert -115704 (base 8) to base 10.
-39876
What is 100111011101100 (base 2) in base 4?
10323230
-a95 (base 11) to base 4
-110202
What is ce6 (base 15) in base 14?
10c4
11221100 (base 3) to base 8
7020
What is 164 (base 14) in base 4?
10130
What is -600 (base 9) in base 12?
-346
576 (base 13) to base 12
666
-10001111100101 (base 2) to base 15
-2ac9
-36e (base 15) to base 5
-11104
Convert 323 (base 14) to base 10.
619
7b5 (base 14) to base 7
4315
Convert 1b740 (base 14) to base 15.
15b38
1493 (base 11) to base 2
11101111101
Convert -342 (base 11) to base 9.
-504
-29 (base 13) to base 9
-38
What is -10100101000110 (base 2) in base 14?
-3bca
-78 (base 14) to base 4
-1222
-166614 (base 7) to base 16
-8328
What is -10011000000010 (base 2) in base 13?
-4576
Convert -2449 (base 12) to base 13.
-1b27
What is -1012 (base 7) in base 6?
-1344
303 (base 12) to base 8
663
Convert -2133334 (base 5) to base 15.
-ad2e
Convert 2a59 (base 14) to base 16.
1d67
What is 351 (base 12) in base 14?
273
Convert -131211 (base 6) to base 10.
-11959
Convert -3132201 (base 4) to base 7.
-56343
Convert -67066 (base 8) to base 6.
-334342
Convert -7556 (base 8) to base 14.
-1622
What is 198d4 (base 14) in base 5?
4033431
7398 (base 11) to base 9
14374
What is -3202203 (base 4) in base 5?
-430444
Convert -518 (base 14) to base 11.
-831
Convert -37d (base 15) to base 9.
-1071
Convert -10101101001 (base 2) to base 6.
-10225
-4634 (base 7) to base 12
-b8b
-8998 (base 12) to base 4
-3232010
Convert -22561 (base 7) to base 11.
-4381
What is 2154 (base 11) in base 15?
c97
4041 (base 10) to base 14
1689
Convert 13141 (base 5) to base 15.
49b
-7c9 (base 15) to base 12
-1030
Convert 1001011000110 (base 2) to base 9.
6530
Convert -21756 (base 13) to base 7.
-341412
12112 (base 5) to base 12
637
Convert -41042 (base 7) to base 10.
-9977
Convert -335d (base 16) to base 7.
-53223
1000111 (base 3) to base 9
1014
What is -1111111 (base 2) in base 11?
-106
Convert 210230 (base 5) to b